{"id":14620,"date":"2025-04-22T08:59:38","date_gmt":"2025-04-22T14:59:38","guid":{"rendered":"https:\/\/crticopropiedades.com\/?page_id=14620"},"modified":"2025-04-28T17:53:21","modified_gmt":"2025-04-28T23:53:21","slug":"vendemos-finca-muy-conservada-en-las-montanas-de-dota","status":"publish","type":"page","link":"https:\/\/crticopropiedades.com\/?page_id=14620","title":{"rendered":"VENDEMOS FINCA MUY CONSERVADA EN LAS MONTA\u00d1AS DE DOTA"},"content":{"rendered":"\t\t<div data-elementor-type=\"wp-page\" data-elementor-id=\"14620\" class=\"elementor elementor-14620\" data-elementor-post-type=\"page\">\n\t\t\t\t<div class=\"elementor-element elementor-element-0c3105a e-flex e-con-boxed e-con e-parent\" data-id=\"0c3105a\" data-element_type=\"container\" data-e-type=\"container\">\n\t\t\t\t\t<div class=\"e-con-inner\">\n\t\t\t\t<div class=\"elementor-element elementor-element-3bd8738 elementor-widget elementor-widget-video\" data-id=\"3bd8738\" data-element_type=\"widget\" data-e-type=\"widget\" data-settings=\"{&quot;youtube_url&quot;:&quot;https:\\\/\\\/youtu.be\\\/EJDeOevnTH4&quot;,&quot;video_type&quot;:&quot;youtube&quot;,&quot;controls&quot;:&quot;yes&quot;}\" data-widget_type=\"video.default\">\n\t\t\t\t<div class=\"elementor-widget-container\">\n\t\t\t\t\t\t\t<div class=\"elementor-wrapper elementor-open-inline\">\n\t\t\t<div class=\"elementor-video\"><\/div>\t\t<\/div>\n\t\t\t\t\t\t<\/div>\n\t\t\t\t<\/div>\n\t\t\t\t\t<\/div>\n\t\t\t\t<\/div>\n\t\t<div class=\"elementor-element elementor-element-5e1a8b3 e-flex e-con-boxed e-con e-parent\" data-id=\"5e1a8b3\" data-element_type=\"container\" data-e-type=\"container\">\n\t\t\t\t\t<div class=\"e-con-inner\">\n\t\t\t\t<div class=\"elementor-element elementor-element-5a0a98c elementor-widget elementor-widget-html\" data-id=\"5a0a98c\" data-element_type=\"widget\" data-e-type=\"widget\" data-widget_type=\"html.default\">\n\t\t\t\t<div class=\"elementor-widget-container\">\n\t\t\t\t\t\r\n<div style=\"font-family: Arial, sans-serif; background-color: #f5f7f5; padding: 30px; border-radius: 12px; color: #2c3e20; line-height: 1.6;\">\r\n  <h2 style=\"text-align: center; color: #3e4f2b;\">\ud83c\udfde\ufe0f Venta de Finca \u2013 Santa Mar\u00eda de Dota<\/h2>\r\n  <p style=\"text-align: center;\">\ud83d\udccd <strong>Ubicaci\u00f3n privilegiada<\/strong> en zona de conservaci\u00f3n natural con vistas espectaculares al valle y las monta\u00f1as \ud83c\udf04<\/p>\r\n\r\n  <div style=\"background-color: #6b8146; color: white; padding: 15px; border-radius: 10px; text-align: center; margin: 20px 0; font-size: 20px;\">\r\n    \ud83d\udcd0 \u00c1rea total: <strong>340,000 m\u00b2 (34 hect\u00e1reas)<\/strong>\r\n  <\/div>\r\n\r\n  <h3 style=\"color: #3e4f2b;\">\ud83e\udded Caracter\u00edsticas destacadas:<\/h3>\r\n  <ul style=\"margin-left: 20px;\">\r\n    <li>\ud83d\uddfa\ufe0f <strong>Acceso:<\/strong> Buena calle de entrada<\/li>\r\n    <li>\ud83d\udee1\ufe0f <strong>Zona protegida:<\/strong> Ideal para conservaci\u00f3n y bajo impacto<\/li>\r\n    <li>\ud83c\udfd5\ufe0f <strong>Uso recomendado:<\/strong> Ecoturismo, caba\u00f1as, refugio natural<\/li>\r\n    <li>\ud83c\udf3f <strong>Entorno:<\/strong> Naturaleza abundante, clima de monta\u00f1a, vistas inmejorables<\/li>\r\n  <\/ul>\r\n\r\n  <h3 style=\"color: #3e4f2b;\">\ud83c\udf33 Descripci\u00f3n general:<\/h3>\r\n  <p>\r\n    Esta finca es una joya para quienes desean paz, conexi\u00f3n con la tierra y un estilo de vida sostenible. Rodeada de monta\u00f1as, caminos verdes, vegetaci\u00f3n nativa y el silencio que s\u00f3lo los bosques pueden ofrecer. \r\n    Ideal para construir caba\u00f1as, un centro de retiro espiritual o simplemente vivir lejos del ruido urbano.\r\n  <\/p>\r\n\r\n  <h3 style=\"color: #3e4f2b;\">\ud83d\udcde Informaci\u00f3n de contacto:<\/h3>\r\n  <div style=\"background-color: #e6e8e0; padding: 20px; border-radius: 10px; text-align: center;\">\r\n    <p>\ud83d\udc69\u200d\ud83d\udcbc <strong>Arq. Ana Monge-Fallas<\/strong><\/p>\r\n    <p>\ud83d\udcf2 WhatsApp: <a href=\"https:\/\/wa.link\/crticopropiedades\" target=\"_blank\" style=\"color: #3e4f2b; font-weight: bold;\">8841-1212<\/a><\/p>\r\n    <p>\ud83c\udf10 Sitio web: <a href=\"https:\/\/www.crticopropiedades.com\" target=\"_blank\" style=\"color: #3e4f2b;\">crticopropiedades.com<\/a><\/p>\r\n    <p>\ud83d\udcd8 Facebook: <a href=\"https:\/\/www.facebook.com\/CRTicoPropiedades\" target=\"_blank\" style=\"color: #3e4f2b;\">facebook.com\/CRTicoPropiedades<\/a><\/p>\r\n  <\/div>\r\n\r\n  <p style=\"text-align: center; font-size: 13px; color: #666; margin-top: 30px;\">\r\n    \ud83c\udf31 CRticoPropiedades Bienes Ra\u00edces | Espacios que inspiran, naturaleza que transforma.\r\n  <\/p>\r\n<\/div>\r\n\t\t\t\t<\/div>\n\t\t\t\t<\/div>\n\t\t\t\t\t<\/div>\n\t\t\t\t<\/div>\n\t\t<div class=\"elementor-element elementor-element-0be7194 e-flex e-con-boxed e-con e-parent\" data-id=\"0be7194\" data-element_type=\"container\" data-e-type=\"container\">\n\t\t\t\t\t<div class=\"e-con-inner\">\n\t\t\t\t<div class=\"elementor-element elementor-element-034d2a1 elementor-skin-slideshow elementor-arrows-yes elementor-widget elementor-widget-media-carousel\" data-id=\"034d2a1\" data-element_type=\"widget\" data-e-type=\"widget\" data-settings=\"{&quot;skin&quot;:&quot;slideshow&quot;,&quot;effect&quot;:&quot;fade&quot;,&quot;show_arrows&quot;:&quot;yes&quot;,&quot;speed&quot;:500,&quot;autoplay&quot;:&quot;yes&quot;,&quot;autoplay_speed&quot;:5000,&quot;loop&quot;:&quot;yes&quot;,&quot;pause_on_hover&quot;:&quot;yes&quot;,&quot;pause_on_interaction&quot;:&quot;yes&quot;,&quot;space_between&quot;:{&quot;unit&quot;:&quot;px&quot;,&quot;size&quot;:10,&quot;sizes&quot;:[]},&quot;space_between_tablet&quot;:{&quot;unit&quot;:&quot;px&quot;,&quot;size&quot;:10,&quot;sizes&quot;:[]},&quot;space_between_mobile&quot;:{&quot;unit&quot;:&quot;px&quot;,&quot;size&quot;:10,&quot;sizes&quot;:[]}}\" data-widget_type=\"media-carousel.default\">\n\t\t\t\t<div class=\"elementor-widget-container\">\n\t\t\t\t\t\t\t\t\t<div class=\"elementor-swiper\">\n\t\t\t\t\t<div class=\"elementor-main-swiper swiper\" role=\"region\" aria-roledescription=\"carousel\" aria-label=\"Slides\">\n\t\t\t\t<div class=\"swiper-wrapper\">\n\t\t\t\t\t\t\t\t\t\t\t<div class=\"swiper-slide\" role=\"group\" aria-roledescription=\"slide\">\n\t\t\t\t\t\t\t\t\t<div class=\"elementor-carousel-image\" role=\"img\" aria-label=\"IMG_5378\" style=\"background-image: url(&#039;https:\/\/i0.wp.com\/crticopropiedades.com\/wp-content\/uploads\/2025\/04\/IMG_5378.jpg?fit=4032%2C3024&amp;quality=89&amp;ssl=1&#039;)\">\n\n\t\t\t\n\t\t\t\t\t<\/div>\n\t\t\t\t\t\t\t\t<\/div>\n\t\t\t\t\t\t\t\t\t\t\t<div class=\"swiper-slide\" role=\"group\" aria-roledescription=\"slide\">\n\t\t\t\t\t\t\t\t\t<div class=\"elementor-carousel-image\" role=\"img\" aria-label=\"{\n  &quot;exposureMode&quot; : 0,\n  &quot;focalLength&quot; : 48,\n  &quot;meteringMode&quot; : 0,\n  &quot;isBackCam&quot; : 1,\n  &quot;orientation&quot; : 3\n}\" style=\"background-image: url(&#039;https:\/\/i0.wp.com\/crticopropiedades.com\/wp-content\/uploads\/2025\/04\/IMG_20250206_0017.jpeg?fit=4032%2C2268&amp;quality=89&amp;ssl=1&#039;)\">\n\n\t\t\t\n\t\t\t\t\t<\/div>\n\t\t\t\t\t\t\t\t<\/div>\n\t\t\t\t\t\t\t\t\t\t\t<div class=\"swiper-slide\" role=\"group\" aria-roledescription=\"slide\">\n\t\t\t\t\t\t\t\t\t<div class=\"elementor-carousel-image\" role=\"img\" aria-label=\"{\n  &quot;isBackCam&quot; : 1,\n  &quot;focalLength&quot; : 48,\n  &quot;exposureMode&quot; : 0,\n  &quot;meteringMode&quot; : 0,\n  &quot;orientation&quot; : 3\n}\" style=\"background-image: url(&#039;https:\/\/i0.wp.com\/crticopropiedades.com\/wp-content\/uploads\/2025\/04\/IMG_20250206_0016.jpeg?fit=4032%2C2268&amp;quality=89&amp;ssl=1&#039;)\">\n\n\t\t\t\n\t\t\t\t\t<\/div>\n\t\t\t\t\t\t\t\t<\/div>\n\t\t\t\t\t\t\t\t\t\t\t<div class=\"swiper-slide\" role=\"group\" aria-roledescription=\"slide\">\n\t\t\t\t\t\t\t\t\t<div class=\"elementor-carousel-image\" role=\"img\" aria-label=\"{\n  &quot;isBackCam&quot; : 1,\n  &quot;meteringMode&quot; : 0,\n  &quot;exposureMode&quot; : 0,\n  &quot;orientation&quot; : 3,\n  &quot;focalLength&quot; : 24\n}\" style=\"background-image: url(&#039;https:\/\/i0.wp.com\/crticopropiedades.com\/wp-content\/uploads\/2025\/04\/IMG_20250206_0015.jpeg?fit=4032%2C2268&amp;quality=89&amp;ssl=1&#039;)\">\n\n\t\t\t\n\t\t\t\t\t<\/div>\n\t\t\t\t\t\t\t\t<\/div>\n\t\t\t\t\t\t\t\t\t\t\t<div class=\"swiper-slide\" role=\"group\" aria-roledescription=\"slide\">\n\t\t\t\t\t\t\t\t\t<div class=\"elementor-carousel-image\" role=\"img\" aria-label=\"IMG_5365\" style=\"background-image: url(&#039;https:\/\/i0.wp.com\/crticopropiedades.com\/wp-content\/uploads\/2025\/04\/IMG_5365.jpg?fit=4032%2C3024&amp;quality=89&amp;ssl=1&#039;)\">\n\n\t\t\t\n\t\t\t\t\t<\/div>\n\t\t\t\t\t\t\t\t<\/div>\n\t\t\t\t\t\t\t\t\t\t\t<div class=\"swiper-slide\" role=\"group\" aria-roledescription=\"slide\">\n\t\t\t\t\t\t\t\t\t<div class=\"elementor-carousel-image\" role=\"img\" aria-label=\"IMG_5364\" style=\"background-image: url(&#039;https:\/\/i0.wp.com\/crticopropiedades.com\/wp-content\/uploads\/2025\/04\/IMG_5364.jpg?fit=4032%2C3024&amp;quality=89&amp;ssl=1&#039;)\">\n\n\t\t\t\n\t\t\t\t\t<\/div>\n\t\t\t\t\t\t\t\t<\/div>\n\t\t\t\t\t\t\t\t\t\t\t<div class=\"swiper-slide\" role=\"group\" aria-roledescription=\"slide\">\n\t\t\t\t\t\t\t\t\t<div class=\"elementor-carousel-image\" role=\"img\" aria-label=\"IMG_5389\" style=\"background-image: url(&#039;https:\/\/i0.wp.com\/crticopropiedades.com\/wp-content\/uploads\/2025\/04\/IMG_5389.jpg?fit=4032%2C3024&amp;quality=89&amp;ssl=1&#039;)\">\n\n\t\t\t\n\t\t\t\t\t<\/div>\n\t\t\t\t\t\t\t\t<\/div>\n\t\t\t\t\t\t\t\t\t\t\t<div class=\"swiper-slide\" role=\"group\" aria-roledescription=\"slide\">\n\t\t\t\t\t\t\t\t\t<div class=\"elementor-carousel-image\" role=\"img\" aria-label=\"IMG_5388\" style=\"background-image: url(&#039;https:\/\/i0.wp.com\/crticopropiedades.com\/wp-content\/uploads\/2025\/04\/IMG_5388.jpg?fit=4032%2C3024&amp;quality=89&amp;ssl=1&#039;)\">\n\n\t\t\t\n\t\t\t\t\t<\/div>\n\t\t\t\t\t\t\t\t<\/div>\n\t\t\t\t\t\t\t\t\t\t\t<div class=\"swiper-slide\" role=\"group\" aria-roledescription=\"slide\">\n\t\t\t\t\t\t\t\t\t<div class=\"elementor-carousel-image\" role=\"img\" aria-label=\"IMG_5387\" style=\"background-image: url(&#039;https:\/\/i0.wp.com\/crticopropiedades.com\/wp-content\/uploads\/2025\/04\/IMG_5387.jpg?fit=4032%2C3024&amp;quality=89&amp;ssl=1&#039;)\">\n\n\t\t\t\n\t\t\t\t\t<\/div>\n\t\t\t\t\t\t\t\t<\/div>\n\t\t\t\t\t\t\t\t\t\t\t<div class=\"swiper-slide\" role=\"group\" aria-roledescription=\"slide\">\n\t\t\t\t\t\t\t\t\t<div class=\"elementor-carousel-image\" role=\"img\" aria-label=\"IMG_5409\" style=\"background-image: url(&#039;https:\/\/i0.wp.com\/crticopropiedades.com\/wp-content\/uploads\/2025\/04\/IMG_5409.jpg?fit=4032%2C3024&amp;quality=89&amp;ssl=1&#039;)\">\n\n\t\t\t\n\t\t\t\t\t<\/div>\n\t\t\t\t\t\t\t\t<\/div>\n\t\t\t\t\t\t\t\t\t<\/div>\n\t\t\t\t\t\t\t\t\t\t\t\t\t\t\t<div class=\"elementor-swiper-button elementor-swiper-button-prev\" role=\"button\" tabindex=\"0\" aria-label=\"Previous\">\n\t\t\t\t\t\t\t<svg aria-hidden=\"true\" class=\"e-font-icon-svg e-eicon-chevron-left\" viewBox=\"0 0 1000 1000\" xmlns=\"http:\/\/www.w3.org\/2000\/svg\"><path d=\"M646 125C629 125 613 133 604 142L308 442C296 454 292 471 292 487 292 504 296 521 308 533L604 854C617 867 629 875 646 875 663 875 679 871 692 858 704 846 713 829 713 812 713 796 708 779 692 767L438 487 692 225C700 217 708 204 708 187 708 171 704 154 692 142 675 129 663 125 646 125Z\"><\/path><\/svg>\t\t\t\t\t\t<\/div>\n\t\t\t\t\t\t<div class=\"elementor-swiper-button elementor-swiper-button-next\" role=\"button\" tabindex=\"0\" aria-label=\"Next\">\n\t\t\t\t\t\t\t<svg aria-hidden=\"true\" class=\"e-font-icon-svg e-eicon-chevron-right\" viewBox=\"0 0 1000 1000\" xmlns=\"http:\/\/www.w3.org\/2000\/svg\"><path d=\"M696 533C708 521 713 504 713 487 713 471 708 454 696 446L400 146C388 133 375 125 354 125 338 125 325 129 313 142 300 154 292 171 292 187 292 204 296 221 308 233L563 492 304 771C292 783 288 800 288 817 288 833 296 850 308 863 321 871 338 875 354 875 371 875 388 867 400 854L696 533Z\"><\/path><\/svg>\t\t\t\t\t\t<\/div>\n\t\t\t\t\t\t\t\t\t\t\t\t\t\t\t\t\t<\/div>\n\t\t\t\t<\/div>\n\t\t\t\t\t\t\t\t<div class=\"elementor-swiper\">\n\t\t\t\t\t<div class=\"elementor-main-swiper swiper elementor-thumbnails-swiper swiper\" role=\"region region\" aria-roledescription=\"carousel carousel\" aria-label=\"Slides Slides\">\n\t\t\t\t<div class=\"swiper-wrapper\">\n\t\t\t\t\t\t\t\t\t\t\t<div class=\"swiper-slide\" role=\"group\" aria-roledescription=\"slide\">\n\t\t\t\t\t\t\t\t\t<div class=\"elementor-carousel-image\" role=\"img\" aria-label=\"IMG_5378\" style=\"background-image: url(&#039;https:\/\/i0.wp.com\/crticopropiedades.com\/wp-content\/uploads\/2025\/04\/IMG_5378.jpg?fit=4032%2C3024&amp;quality=89&amp;ssl=1&#039;)\">\n\n\t\t\t\n\t\t\t\t\t<\/div>\n\t\t\t\t\t\t\t\t<\/div>\n\t\t\t\t\t\t\t\t\t\t\t<div class=\"swiper-slide\" role=\"group\" aria-roledescription=\"slide\">\n\t\t\t\t\t\t\t\t\t<div class=\"elementor-carousel-image\" role=\"img\" aria-label=\"{\n  &quot;exposureMode&quot; : 0,\n  &quot;focalLength&quot; : 48,\n  &quot;meteringMode&quot; : 0,\n  &quot;isBackCam&quot; : 1,\n  &quot;orientation&quot; : 3\n}\" style=\"background-image: url(&#039;https:\/\/i0.wp.com\/crticopropiedades.com\/wp-content\/uploads\/2025\/04\/IMG_20250206_0017.jpeg?fit=4032%2C2268&amp;quality=89&amp;ssl=1&#039;)\">\n\n\t\t\t\n\t\t\t\t\t<\/div>\n\t\t\t\t\t\t\t\t<\/div>\n\t\t\t\t\t\t\t\t\t\t\t<div class=\"swiper-slide\" role=\"group\" aria-roledescription=\"slide\">\n\t\t\t\t\t\t\t\t\t<div class=\"elementor-carousel-image\" role=\"img\" aria-label=\"{\n  &quot;isBackCam&quot; : 1,\n  &quot;focalLength&quot; : 48,\n  &quot;exposureMode&quot; : 0,\n  &quot;meteringMode&quot; : 0,\n  &quot;orientation&quot; : 3\n}\" style=\"background-image: url(&#039;https:\/\/i0.wp.com\/crticopropiedades.com\/wp-content\/uploads\/2025\/04\/IMG_20250206_0016.jpeg?fit=4032%2C2268&amp;quality=89&amp;ssl=1&#039;)\">\n\n\t\t\t\n\t\t\t\t\t<\/div>\n\t\t\t\t\t\t\t\t<\/div>\n\t\t\t\t\t\t\t\t\t\t\t<div class=\"swiper-slide\" role=\"group\" aria-roledescription=\"slide\">\n\t\t\t\t\t\t\t\t\t<div class=\"elementor-carousel-image\" role=\"img\" aria-label=\"{\n  &quot;isBackCam&quot; : 1,\n  &quot;meteringMode&quot; : 0,\n  &quot;exposureMode&quot; : 0,\n  &quot;orientation&quot; : 3,\n  &quot;focalLength&quot; : 24\n}\" style=\"background-image: url(&#039;https:\/\/i0.wp.com\/crticopropiedades.com\/wp-content\/uploads\/2025\/04\/IMG_20250206_0015.jpeg?fit=4032%2C2268&amp;quality=89&amp;ssl=1&#039;)\">\n\n\t\t\t\n\t\t\t\t\t<\/div>\n\t\t\t\t\t\t\t\t<\/div>\n\t\t\t\t\t\t\t\t\t\t\t<div class=\"swiper-slide\" role=\"group\" aria-roledescription=\"slide\">\n\t\t\t\t\t\t\t\t\t<div class=\"elementor-carousel-image\" role=\"img\" aria-label=\"IMG_5365\" style=\"background-image: url(&#039;https:\/\/i0.wp.com\/crticopropiedades.com\/wp-content\/uploads\/2025\/04\/IMG_5365.jpg?fit=4032%2C3024&amp;quality=89&amp;ssl=1&#039;)\">\n\n\t\t\t\n\t\t\t\t\t<\/div>\n\t\t\t\t\t\t\t\t<\/div>\n\t\t\t\t\t\t\t\t\t\t\t<div class=\"swiper-slide\" role=\"group\" aria-roledescription=\"slide\">\n\t\t\t\t\t\t\t\t\t<div class=\"elementor-carousel-image\" role=\"img\" aria-label=\"IMG_5364\" style=\"background-image: url(&#039;https:\/\/i0.wp.com\/crticopropiedades.com\/wp-content\/uploads\/2025\/04\/IMG_5364.jpg?fit=4032%2C3024&amp;quality=89&amp;ssl=1&#039;)\">\n\n\t\t\t\n\t\t\t\t\t<\/div>\n\t\t\t\t\t\t\t\t<\/div>\n\t\t\t\t\t\t\t\t\t\t\t<div class=\"swiper-slide\" role=\"group\" aria-roledescription=\"slide\">\n\t\t\t\t\t\t\t\t\t<div class=\"elementor-carousel-image\" role=\"img\" aria-label=\"IMG_5389\" style=\"background-image: url(&#039;https:\/\/i0.wp.com\/crticopropiedades.com\/wp-content\/uploads\/2025\/04\/IMG_5389.jpg?fit=4032%2C3024&amp;quality=89&amp;ssl=1&#039;)\">\n\n\t\t\t\n\t\t\t\t\t<\/div>\n\t\t\t\t\t\t\t\t<\/div>\n\t\t\t\t\t\t\t\t\t\t\t<div class=\"swiper-slide\" role=\"group\" aria-roledescription=\"slide\">\n\t\t\t\t\t\t\t\t\t<div class=\"elementor-carousel-image\" role=\"img\" aria-label=\"IMG_5388\" style=\"background-image: url(&#039;https:\/\/i0.wp.com\/crticopropiedades.com\/wp-content\/uploads\/2025\/04\/IMG_5388.jpg?fit=4032%2C3024&amp;quality=89&amp;ssl=1&#039;)\">\n\n\t\t\t\n\t\t\t\t\t<\/div>\n\t\t\t\t\t\t\t\t<\/div>\n\t\t\t\t\t\t\t\t\t\t\t<div class=\"swiper-slide\" role=\"group\" aria-roledescription=\"slide\">\n\t\t\t\t\t\t\t\t\t<div class=\"elementor-carousel-image\" role=\"img\" aria-label=\"IMG_5387\" style=\"background-image: url(&#039;https:\/\/i0.wp.com\/crticopropiedades.com\/wp-content\/uploads\/2025\/04\/IMG_5387.jpg?fit=4032%2C3024&amp;quality=89&amp;ssl=1&#039;)\">\n\n\t\t\t\n\t\t\t\t\t<\/div>\n\t\t\t\t\t\t\t\t<\/div>\n\t\t\t\t\t\t\t\t\t\t\t<div class=\"swiper-slide\" role=\"group\" aria-roledescription=\"slide\">\n\t\t\t\t\t\t\t\t\t<div class=\"elementor-carousel-image\" role=\"img\" aria-label=\"IMG_5409\" style=\"background-image: url(&#039;https:\/\/i0.wp.com\/crticopropiedades.com\/wp-content\/uploads\/2025\/04\/IMG_5409.jpg?fit=4032%2C3024&amp;quality=89&amp;ssl=1&#039;)\">\n\n\t\t\t\n\t\t\t\t\t<\/div>\n\t\t\t\t\t\t\t\t<\/div>\n\t\t\t\t\t\t\t\t\t<\/div>\n\t\t\t\t\t\t\t\t\t\t\t\t\t\t\t\t\t\t\t\t\t<\/div>\n\t\t\t\t<\/div>\n\t\t\t\t\t\t\t\t<\/div>\n\t\t\t\t<\/div>\n\t\t\t\t\t<\/div>\n\t\t\t\t<\/div>\n\t\t<div class=\"elementor-element elementor-element-86273cf e-flex e-con-boxed e-con e-parent\" data-id=\"86273cf\" data-element_type=\"container\" data-e-type=\"container\">\n\t\t\t\t\t<div class=\"e-con-inner\">\n\t\t\t\t<div class=\"elementor-element elementor-element-b94a223 elementor-widget elementor-widget-image\" data-id=\"b94a223\" data-element_type=\"widget\" data-e-type=\"widget\" data-widget_type=\"image.default\">\n\t\t\t\t<div class=\"elementor-widget-container\">\n\t\t\t\t\t\t\t\t\t\t\t\t\t\t\t\t<a href=\"https:\/\/crticopropiedades.com\/?page_id=216\">\n\t\t\t\t\t\t\t<img fetchpriority=\"high\" decoding=\"async\" data-attachment-id=\"14954\" data-permalink=\"https:\/\/crticopropiedades.com\/?attachment_id=14954\" data-orig-file=\"https:\/\/i0.wp.com\/crticopropiedades.com\/wp-content\/uploads\/2025\/04\/Machote-incio-pagina-web-9.png?fit=1366%2C768&amp;quality=80&amp;ssl=1\" data-orig-size=\"1366,768\" data-comments-opened=\"1\" data-image-meta=\"{&quot;aperture&quot;:&quot;0&quot;,&quot;credit&quot;:&quot;&quot;,&quot;camera&quot;:&quot;&quot;,&quot;caption&quot;:&quot;&quot;,&quot;created_timestamp&quot;:&quot;0&quot;,&quot;copyright&quot;:&quot;&quot;,&quot;focal_length&quot;:&quot;0&quot;,&quot;iso&quot;:&quot;0&quot;,&quot;shutter_speed&quot;:&quot;0&quot;,&quot;title&quot;:&quot;&quot;,&quot;orientation&quot;:&quot;0&quot;}\" data-image-title=\"Machote incio p\u00e1gina web (9)\" data-image-description=\"\" data-image-caption=\"\" data-large-file=\"https:\/\/i0.wp.com\/crticopropiedades.com\/wp-content\/uploads\/2025\/04\/Machote-incio-pagina-web-9.png?fit=1024%2C576&amp;quality=80&amp;ssl=1\" width=\"1024\" height=\"576\" src=\"https:\/\/i0.wp.com\/crticopropiedades.com\/wp-content\/uploads\/2025\/04\/Machote-incio-pagina-web-9.png?fit=1024%2C576&amp;quality=80&amp;ssl=1\" class=\"attachment-large size-large wp-image-14954\" alt=\"\" srcset=\"https:\/\/i0.wp.com\/crticopropiedades.com\/wp-content\/uploads\/2025\/04\/Machote-incio-pagina-web-9.png?w=1366&amp;quality=80&amp;ssl=1 1366w, https:\/\/i0.wp.com\/crticopropiedades.com\/wp-content\/uploads\/2025\/04\/Machote-incio-pagina-web-9.png?resize=300%2C169&amp;quality=80&amp;ssl=1 300w, https:\/\/i0.wp.com\/crticopropiedades.com\/wp-content\/uploads\/2025\/04\/Machote-incio-pagina-web-9.png?resize=1024%2C576&amp;quality=80&amp;ssl=1 1024w, https:\/\/i0.wp.com\/crticopropiedades.com\/wp-content\/uploads\/2025\/04\/Machote-incio-pagina-web-9.png?resize=768%2C432&amp;quality=80&amp;ssl=1 768w, https:\/\/i0.wp.com\/crticopropiedades.com\/wp-content\/uploads\/2025\/04\/Machote-incio-pagina-web-9.png?resize=1320%2C742&amp;quality=80&amp;ssl=1 1320w\" sizes=\"(max-width: 1000px) 100vw, 1000px\" data-attachment-id=\"14954\" data-permalink=\"https:\/\/crticopropiedades.com\/?attachment_id=14954\" data-orig-file=\"https:\/\/i0.wp.com\/crticopropiedades.com\/wp-content\/uploads\/2025\/04\/Machote-incio-pagina-web-9.png?fit=1366%2C768&amp;quality=80&amp;ssl=1\" data-orig-size=\"1366,768\" data-comments-opened=\"1\" data-image-meta=\"{&quot;aperture&quot;:&quot;0&quot;,&quot;credit&quot;:&quot;&quot;,&quot;camera&quot;:&quot;&quot;,&quot;caption&quot;:&quot;&quot;,&quot;created_timestamp&quot;:&quot;0&quot;,&quot;copyright&quot;:&quot;&quot;,&quot;focal_length&quot;:&quot;0&quot;,&quot;iso&quot;:&quot;0&quot;,&quot;shutter_speed&quot;:&quot;0&quot;,&quot;title&quot;:&quot;&quot;,&quot;orientation&quot;:&quot;0&quot;}\" data-image-title=\"Machote incio p\u00e1gina web (9)\" data-image-description=\"\" data-image-caption=\"\" data-large-file=\"https:\/\/i0.wp.com\/crticopropiedades.com\/wp-content\/uploads\/2025\/04\/Machote-incio-pagina-web-9.png?fit=1024%2C576&amp;quality=80&amp;ssl=1\" \/>\t\t\t\t\t\t\t\t<\/a>\n\t\t\t\t\t\t\t\t\t\t\t\t\t\t\t<\/div>\n\t\t\t\t<\/div>\n\t\t\t\t\t<\/div>\n\t\t\t\t<\/div>\n\t\t\t\t<\/div>\n\t\t","protected":false},"excerpt":{"rendered":"<p>\ud83c\udfde\ufe0f Venta de Finca \u2013 Santa Mar\u00eda de Dota \ud83d\udccd Ubicaci\u00f3n privilegiada en zona de conservaci\u00f3n natural con vistas espectaculares al valle y las monta\u00f1as \ud83c\udf04 \ud83d\udcd0 \u00c1rea total: 340,000 m\u00b2 (34 hect\u00e1reas) \ud83e\udded Caracter\u00edsticas destacadas: \ud83d\uddfa\ufe0f Acceso: Buena calle de entrada \ud83d\udee1\ufe0f Zona protegida: Ideal para conservaci\u00f3n y bajo impacto \ud83c\udfd5\ufe0f Uso recomendado: Ecoturismo, [&hellip;]<\/p>\n","protected":false},"author":1,"featured_media":0,"parent":0,"menu_order":0,"comment_status":"closed","ping_status":"closed","template":"","meta":{"_crdt_document":"","advanced_seo_description":"","jetpack_seo_html_title":"","jetpack_seo_noindex":false,"footnotes":""},"class_list":["post-14620","page","type-page","status-publish","hentry"],"jetpack_sharing_enabled":true,"jetpack_likes_enabled":true,"jetpack-related-posts":[],"_links":{"self":[{"href":"https:\/\/crticopropiedades.com\/index.php?rest_route=\/wp\/v2\/pages\/14620","targetHints":{"allow":["GET"]}}],"collection":[{"href":"https:\/\/crticopropiedades.com\/index.php?rest_route=\/wp\/v2\/pages"}],"about":[{"href":"https:\/\/crticopropiedades.com\/index.php?rest_route=\/wp\/v2\/types\/page"}],"author":[{"embeddable":true,"href":"https:\/\/crticopropiedades.com\/index.php?rest_route=\/wp\/v2\/users\/1"}],"replies":[{"embeddable":true,"href":"https:\/\/crticopropiedades.com\/index.php?rest_route=%2Fwp%2Fv2%2Fcomments&post=14620"}],"version-history":[{"count":44,"href":"https:\/\/crticopropiedades.com\/index.php?rest_route=\/wp\/v2\/pages\/14620\/revisions"}],"predecessor-version":[{"id":14957,"href":"https:\/\/crticopropiedades.com\/index.php?rest_route=\/wp\/v2\/pages\/14620\/revisions\/14957"}],"wp:attachment":[{"href":"https:\/\/crticopropiedades.com\/index.php?rest_route=%2Fwp%2Fv2%2Fmedia&parent=14620"}],"curies":[{"name":"wp","href":"https:\/\/api.w.org\/{rel}","templated":true}]}}